{"id":166,"date":"2013-09-17T16:59:49","date_gmt":"2013-09-17T16:59:49","guid":{"rendered":"http:\/\/saluton.no\/?post_type=product&#038;p=166"},"modified":"2025-12-18T00:19:39","modified_gmt":"2025-12-17T22:19:39","slug":"pondus-maltrafoj","status":"publish","type":"product","link":"https:\/\/saluton.no\/index.php\/nb\/produkt\/pondus-maltrafoj\/","title":{"rendered":"Pondus: Maltrafoj"},"content":{"rendered":"<p><!--:no-->Pondus: Maltrafoj<br \/>\nav Frode \u00d8verli, oversatt av Judith P. Abrahamsen<br \/>\nISBN 978-82-999377-0-2<br \/>\nInnbundet<br \/>\n64 sider, A4<br \/>\nSpr\u00e5k: esperanto<\/p>\n<p>Sendes fra oss innen 2 virkedager. (I ferietider m\u00e5 de p\u00e5regnes noe lenger leveringstid.)<!--:--><!--:eo--><!--:--><\/p>\n","protected":false},"excerpt":{"rendered":"<p>Albumet inneholder 64 sider tettpakket med Pondus-striper. Innholdet er i hovedsak plukket fra striper som f\u00f8rste gang kom ut i perioden 1998-2005. Her er b\u00e5de enkeltstriper og lengre historer. Albumet publiseres med tillatelse fra Strand&amp;\u00d8verli.<\/p>\n<p><strong>Gratis frakt ved kj\u00f8p av 8 album eller mer.<\/strong><\/p>\n<p>Hvis du er medlem av UEA (det internasjonale esperantoforbundet), og f.eks. \u00f8nsker \u00e5 betale med din UEA-konto, kan du ogs\u00e5 kj\u00f8pe albumet via <a href=\"http:\/\/katalogo.uea.org\/katalogo.php?inf=3877\">Libroservo de UEA<\/a> (merk at andre skatter og avgifter kan p\u00e5l\u00f8pe).<\/p>\n","protected":false},"featured_media":192,"template":"","meta":[],"product_brand":[],"product_cat":[60],"product_tag":[],"class_list":{"0":"post-166","1":"product","2":"type-product","3":"status-publish","4":"has-post-thumbnail","6":"product_cat-album","8":"first","9":"instock","10":"shipping-taxable","11":"purchasable","12":"product-type-simple","13":"starterblog-col"},"yoast_head":"<!-- This site is optimized with the Yoast SEO plugin v27.1.1 - https:\/\/yoast.com\/product\/yoast-seo-wordpress\/ -->\n<title>Pondus: Maltrafoj - Saluton.no<\/title>\n<meta name=\"robots\" content=\"index, follow, max-snippet:-1, max-image-preview:large, max-video-preview:-1\" \/>\n<link rel=\"canonical\" href=\"https:\/\/saluton.no\/index.php\/nb\/produkt\/pondus-maltrafoj\/\" \/>\n<meta property=\"og:locale\" content=\"nb_NO\" \/>\n<meta property=\"og:type\" content=\"article\" \/>\n<meta property=\"og:title\" content=\"Pondus: Maltrafoj - Saluton.no\" \/>\n<meta property=\"og:description\" content=\"Albumet inneholder 64 sider tettpakket med Pondus-striper. Innholdet er i hovedsak plukket fra striper som f\u00f8rste gang kom ut i perioden 1998-2005. Her er b\u00e5de enkeltstriper og lengre historer. Albumet publiseres med tillatelse fra Strand&amp;\u00d8verli.  Gratis frakt ved kj\u00f8p av 8 album eller mer.  Hvis du er medlem av UEA (det internasjonale esperantoforbundet), og f.eks. \u00f8nsker \u00e5 betale med din UEA-konto, kan du ogs\u00e5 kj\u00f8pe albumet via Libroservo de UEA (merk at andre skatter og avgifter kan p\u00e5l\u00f8pe).\" \/>\n<meta property=\"og:url\" content=\"https:\/\/saluton.no\/index.php\/nb\/produkt\/pondus-maltrafoj\/\" \/>\n<meta property=\"og:site_name\" content=\"Saluton.no\" \/>\n<meta property=\"article:publisher\" content=\"https:\/\/www.facebook.com\/Saluton.no\/\" \/>\n<meta property=\"article:modified_time\" content=\"2025-12-17T22:19:39+00:00\" \/>\n<meta property=\"og:image\" content=\"https:\/\/saluton.no\/wp-content\/uploads\/2013\/09\/albumcover.png\" \/>\n\t<meta property=\"og:image:width\" content=\"550\" \/>\n\t<meta property=\"og:image:height\" content=\"550\" \/>\n\t<meta property=\"og:image:type\" content=\"image\/png\" \/>\n<meta name=\"twitter:card\" content=\"summary_large_image\" \/>\n<meta name=\"twitter:site\" content=\"@saluton_no\" \/>\n<script type=\"application\/ld+json\" class=\"yoast-schema-graph\">{\"@context\":\"https:\/\/schema.org\",\"@graph\":[{\"@type\":\"WebPage\",\"@id\":\"https:\/\/saluton.no\/index.php\/nb\/produkt\/pondus-maltrafoj\/\",\"url\":\"https:\/\/saluton.no\/index.php\/nb\/produkt\/pondus-maltrafoj\/\",\"name\":\"Pondus: Maltrafoj - Saluton.no\",\"isPartOf\":{\"@id\":\"https:\/\/saluton.no\/#website\"},\"primaryImageOfPage\":{\"@id\":\"https:\/\/saluton.no\/index.php\/nb\/produkt\/pondus-maltrafoj\/#primaryimage\"},\"image\":{\"@id\":\"https:\/\/saluton.no\/index.php\/nb\/produkt\/pondus-maltrafoj\/#primaryimage\"},\"thumbnailUrl\":\"https:\/\/saluton.no\/wp-content\/uploads\/2013\/09\/albumcover.png\",\"datePublished\":\"2013-09-17T16:59:49+00:00\",\"dateModified\":\"2025-12-17T22:19:39+00:00\",\"breadcrumb\":{\"@id\":\"https:\/\/saluton.no\/index.php\/nb\/produkt\/pondus-maltrafoj\/#breadcrumb\"},\"inLanguage\":\"nb-NO\",\"potentialAction\":[{\"@type\":\"ReadAction\",\"target\":[\"https:\/\/saluton.no\/index.php\/nb\/produkt\/pondus-maltrafoj\/\"]}]},{\"@type\":\"ImageObject\",\"inLanguage\":\"nb-NO\",\"@id\":\"https:\/\/saluton.no\/index.php\/nb\/produkt\/pondus-maltrafoj\/#primaryimage\",\"url\":\"https:\/\/saluton.no\/wp-content\/uploads\/2013\/09\/albumcover.png\",\"contentUrl\":\"https:\/\/saluton.no\/wp-content\/uploads\/2013\/09\/albumcover.png\",\"width\":550,\"height\":550,\"caption\":\"\"},{\"@type\":\"BreadcrumbList\",\"@id\":\"https:\/\/saluton.no\/index.php\/nb\/produkt\/pondus-maltrafoj\/#breadcrumb\",\"itemListElement\":[{\"@type\":\"ListItem\",\"position\":1,\"name\":\"Hjem\",\"item\":\"https:\/\/saluton.no\/index.php\/nb\/\"},{\"@type\":\"ListItem\",\"position\":2,\"name\":\"Kj\u00f8p album\",\"item\":\"https:\/\/saluton.no\/index.php\/nb\/butikk\/\"},{\"@type\":\"ListItem\",\"position\":3,\"name\":\"Pondus: Maltrafoj\"}]},{\"@type\":\"WebSite\",\"@id\":\"https:\/\/saluton.no\/#website\",\"url\":\"https:\/\/saluton.no\/\",\"name\":\"Saluton.no\",\"description\":\"\",\"publisher\":{\"@id\":\"https:\/\/saluton.no\/#organization\"},\"potentialAction\":[{\"@type\":\"SearchAction\",\"target\":{\"@type\":\"EntryPoint\",\"urlTemplate\":\"https:\/\/saluton.no\/?s={search_term_string}\"},\"query-input\":{\"@type\":\"PropertyValueSpecification\",\"valueRequired\":true,\"valueName\":\"search_term_string\"}}],\"inLanguage\":\"nb-NO\"},{\"@type\":\"Organization\",\"@id\":\"https:\/\/saluton.no\/#organization\",\"name\":\"Saluton.no\",\"url\":\"https:\/\/saluton.no\/\",\"logo\":{\"@type\":\"ImageObject\",\"inLanguage\":\"nb-NO\",\"@id\":\"https:\/\/saluton.no\/#\/schema\/logo\/image\/\",\"url\":\"https:\/\/saluton.no\/wp-content\/uploads\/2013\/09\/saluton-500.png\",\"contentUrl\":\"https:\/\/saluton.no\/wp-content\/uploads\/2013\/09\/saluton-500.png\",\"width\":389,\"height\":179,\"caption\":\"Saluton.no\"},\"image\":{\"@id\":\"https:\/\/saluton.no\/#\/schema\/logo\/image\/\"},\"sameAs\":[\"https:\/\/www.facebook.com\/Saluton.no\/\",\"https:\/\/x.com\/saluton_no\",\"https:\/\/esperanto.masto.host\/@saluton\"]}]}<\/script>\n<!-- \/ Yoast SEO plugin. -->","yoast_head_json":{"title":"Pondus: Maltrafoj - Saluton.no","robots":{"index":"index","follow":"follow","max-snippet":"max-snippet:-1","max-image-preview":"max-image-preview:large","max-video-preview":"max-video-preview:-1"},"canonical":"https:\/\/saluton.no\/index.php\/nb\/produkt\/pondus-maltrafoj\/","og_locale":"nb_NO","og_type":"article","og_title":"Pondus: Maltrafoj - Saluton.no","og_description":"Albumet inneholder 64 sider tettpakket med Pondus-striper. Innholdet er i hovedsak plukket fra striper som f\u00f8rste gang kom ut i perioden 1998-2005. Her er b\u00e5de enkeltstriper og lengre historer. Albumet publiseres med tillatelse fra Strand&amp;\u00d8verli.  Gratis frakt ved kj\u00f8p av 8 album eller mer.  Hvis du er medlem av UEA (det internasjonale esperantoforbundet), og f.eks. \u00f8nsker \u00e5 betale med din UEA-konto, kan du ogs\u00e5 kj\u00f8pe albumet via Libroservo de UEA (merk at andre skatter og avgifter kan p\u00e5l\u00f8pe).","og_url":"https:\/\/saluton.no\/index.php\/nb\/produkt\/pondus-maltrafoj\/","og_site_name":"Saluton.no","article_publisher":"https:\/\/www.facebook.com\/Saluton.no\/","article_modified_time":"2025-12-17T22:19:39+00:00","og_image":[{"width":550,"height":550,"url":"https:\/\/saluton.no\/wp-content\/uploads\/2013\/09\/albumcover.png","type":"image\/png"}],"twitter_card":"summary_large_image","twitter_site":"@saluton_no","schema":{"@context":"https:\/\/schema.org","@graph":[{"@type":"WebPage","@id":"https:\/\/saluton.no\/index.php\/nb\/produkt\/pondus-maltrafoj\/","url":"https:\/\/saluton.no\/index.php\/nb\/produkt\/pondus-maltrafoj\/","name":"Pondus: Maltrafoj - Saluton.no","isPartOf":{"@id":"https:\/\/saluton.no\/#website"},"primaryImageOfPage":{"@id":"https:\/\/saluton.no\/index.php\/nb\/produkt\/pondus-maltrafoj\/#primaryimage"},"image":{"@id":"https:\/\/saluton.no\/index.php\/nb\/produkt\/pondus-maltrafoj\/#primaryimage"},"thumbnailUrl":"https:\/\/saluton.no\/wp-content\/uploads\/2013\/09\/albumcover.png","datePublished":"2013-09-17T16:59:49+00:00","dateModified":"2025-12-17T22:19:39+00:00","breadcrumb":{"@id":"https:\/\/saluton.no\/index.php\/nb\/produkt\/pondus-maltrafoj\/#breadcrumb"},"inLanguage":"nb-NO","potentialAction":[{"@type":"ReadAction","target":["https:\/\/saluton.no\/index.php\/nb\/produkt\/pondus-maltrafoj\/"]}]},{"@type":"ImageObject","inLanguage":"nb-NO","@id":"https:\/\/saluton.no\/index.php\/nb\/produkt\/pondus-maltrafoj\/#primaryimage","url":"https:\/\/saluton.no\/wp-content\/uploads\/2013\/09\/albumcover.png","contentUrl":"https:\/\/saluton.no\/wp-content\/uploads\/2013\/09\/albumcover.png","width":550,"height":550,"caption":""},{"@type":"BreadcrumbList","@id":"https:\/\/saluton.no\/index.php\/nb\/produkt\/pondus-maltrafoj\/#breadcrumb","itemListElement":[{"@type":"ListItem","position":1,"name":"Hjem","item":"https:\/\/saluton.no\/index.php\/nb\/"},{"@type":"ListItem","position":2,"name":"Kj\u00f8p album","item":"https:\/\/saluton.no\/index.php\/nb\/butikk\/"},{"@type":"ListItem","position":3,"name":"Pondus: Maltrafoj"}]},{"@type":"WebSite","@id":"https:\/\/saluton.no\/#website","url":"https:\/\/saluton.no\/","name":"Saluton.no","description":"","publisher":{"@id":"https:\/\/saluton.no\/#organization"},"potentialAction":[{"@type":"SearchAction","target":{"@type":"EntryPoint","urlTemplate":"https:\/\/saluton.no\/?s={search_term_string}"},"query-input":{"@type":"PropertyValueSpecification","valueRequired":true,"valueName":"search_term_string"}}],"inLanguage":"nb-NO"},{"@type":"Organization","@id":"https:\/\/saluton.no\/#organization","name":"Saluton.no","url":"https:\/\/saluton.no\/","logo":{"@type":"ImageObject","inLanguage":"nb-NO","@id":"https:\/\/saluton.no\/#\/schema\/logo\/image\/","url":"https:\/\/saluton.no\/wp-content\/uploads\/2013\/09\/saluton-500.png","contentUrl":"https:\/\/saluton.no\/wp-content\/uploads\/2013\/09\/saluton-500.png","width":389,"height":179,"caption":"Saluton.no"},"image":{"@id":"https:\/\/saluton.no\/#\/schema\/logo\/image\/"},"sameAs":["https:\/\/www.facebook.com\/Saluton.no\/","https:\/\/x.com\/saluton_no","https:\/\/esperanto.masto.host\/@saluton"]}]}},"lang":"nb","translations":{"nb":166,"eo":891,"en":893},"pll_sync_post":[],"_links":{"self":[{"href":"https:\/\/saluton.no\/index.php\/wp-json\/wp\/v2\/product\/166","targetHints":{"allow":["GET"]}}],"collection":[{"href":"https:\/\/saluton.no\/index.php\/wp-json\/wp\/v2\/product"}],"about":[{"href":"https:\/\/saluton.no\/index.php\/wp-json\/wp\/v2\/types\/product"}],"wp:featuredmedia":[{"embeddable":true,"href":"https:\/\/saluton.no\/index.php\/wp-json\/wp\/v2\/media\/192"}],"wp:attachment":[{"href":"https:\/\/saluton.no\/index.php\/wp-json\/wp\/v2\/media?parent=166"}],"wp:term":[{"taxonomy":"product_brand","embeddable":true,"href":"https:\/\/saluton.no\/index.php\/wp-json\/wp\/v2\/product_brand?post=166"},{"taxonomy":"product_cat","embeddable":true,"href":"https:\/\/saluton.no\/index.php\/wp-json\/wp\/v2\/product_cat?post=166"},{"taxonomy":"product_tag","embeddable":true,"href":"https:\/\/saluton.no\/index.php\/wp-json\/wp\/v2\/product_tag?post=166"}],"curies":[{"name":"wp","href":"https:\/\/api.w.org\/{rel}","templated":true}]}}