{"id":707,"date":"2013-07-05T21:17:19","date_gmt":"2013-07-05T21:17:19","guid":{"rendered":"http:\/\/ny.saluton.no\/?page_id=707"},"modified":"2020-07-28T21:48:19","modified_gmt":"2020-07-28T19:48:19","slug":"pri-ni","status":"publish","type":"page","link":"https:\/\/saluton.no\/index.php\/eo\/pri-ni\/","title":{"rendered":"Pri ni"},"content":{"rendered":"<p><!--:--><!--:eo-->Saluton.no tradukas kaj eldonas Pondus en Esperanto.<\/p>\n<p><strong>Saluton.no<\/strong><br \/>\nAsbj\u00f8rn \u00d8ver\u00e5s veg 14 G<br \/>\nNO-7036 Trondheim<br \/>\nNorvegio<\/p>\n<p>post @ saluton.no<\/p>\n<p>La sekureco de privateco gravas al ni. <a href=\"http:\/\/ny.saluton.no\/index.php\/eo\/kuketoj\/\">Legu pli<\/a>.<!--:--><!--:en--><!--:--><\/p>\n","protected":false},"excerpt":{"rendered":"<p>Saluton.no tradukas kaj eldonas Pondus en Esperanto. Saluton.no Asbj\u00f8rn \u00d8ver\u00e5s veg 14 G NO-7036 Trondheim Norvegio post @ saluton.no La sekureco de privateco gravas al&hellip;<\/p>\n","protected":false},"author":1,"featured_media":0,"parent":0,"menu_order":4,"comment_status":"closed","ping_status":"closed","template":"","meta":{"footnotes":""},"class_list":["post-707","page","type-page","status-publish","hentry"],"yoast_head":"<!-- This site is optimized with the Yoast SEO plugin v27.1.1 - https:\/\/yoast.com\/product\/yoast-seo-wordpress\/ -->\n<title>Pri ni - Saluton.no<\/title>\n<meta name=\"robots\" content=\"index, follow, max-snippet:-1, max-image-preview:large, max-video-preview:-1\" \/>\n<link rel=\"canonical\" href=\"https:\/\/saluton.no\/index.php\/eo\/pri-ni\/\" \/>\n<meta property=\"og:locale\" content=\"nb_NO\" \/>\n<meta property=\"og:type\" content=\"article\" \/>\n<meta property=\"og:title\" content=\"Pri ni - Saluton.no\" \/>\n<meta property=\"og:description\" content=\"Saluton.no tradukas kaj eldonas Pondus en Esperanto. Saluton.no Asbj\u00f8rn \u00d8ver\u00e5s veg 14 G NO-7036 Trondheim Norvegio post @ saluton.no La sekureco de privateco gravas al&hellip;\" \/>\n<meta property=\"og:url\" content=\"https:\/\/saluton.no\/index.php\/eo\/pri-ni\/\" \/>\n<meta property=\"og:site_name\" content=\"Saluton.no\" \/>\n<meta property=\"article:publisher\" content=\"https:\/\/www.facebook.com\/Saluton.no\/\" \/>\n<meta property=\"article:modified_time\" content=\"2020-07-28T19:48:19+00:00\" \/>\n<meta name=\"twitter:card\" content=\"summary_large_image\" \/>\n<meta name=\"twitter:site\" content=\"@saluton_no\" \/>\n<script type=\"application\/ld+json\" class=\"yoast-schema-graph\">{\"@context\":\"https:\/\/schema.org\",\"@graph\":[{\"@type\":\"WebPage\",\"@id\":\"https:\/\/saluton.no\/index.php\/eo\/pri-ni\/\",\"url\":\"https:\/\/saluton.no\/index.php\/eo\/pri-ni\/\",\"name\":\"Pri ni - Saluton.no\",\"isPartOf\":{\"@id\":\"https:\/\/saluton.no\/#website\"},\"datePublished\":\"2013-07-05T21:17:19+00:00\",\"dateModified\":\"2020-07-28T19:48:19+00:00\",\"breadcrumb\":{\"@id\":\"https:\/\/saluton.no\/index.php\/eo\/pri-ni\/#breadcrumb\"},\"inLanguage\":\"nb-NO\",\"potentialAction\":[{\"@type\":\"ReadAction\",\"target\":[\"https:\/\/saluton.no\/index.php\/eo\/pri-ni\/\"]}]},{\"@type\":\"BreadcrumbList\",\"@id\":\"https:\/\/saluton.no\/index.php\/eo\/pri-ni\/#breadcrumb\",\"itemListElement\":[{\"@type\":\"ListItem\",\"position\":1,\"name\":\"Hjem\",\"item\":\"https:\/\/saluton.no\/index.php\/nb\/\"},{\"@type\":\"ListItem\",\"position\":2,\"name\":\"Pri ni\"}]},{\"@type\":\"WebSite\",\"@id\":\"https:\/\/saluton.no\/#website\",\"url\":\"https:\/\/saluton.no\/\",\"name\":\"Saluton.no\",\"description\":\"\",\"publisher\":{\"@id\":\"https:\/\/saluton.no\/#organization\"},\"potentialAction\":[{\"@type\":\"SearchAction\",\"target\":{\"@type\":\"EntryPoint\",\"urlTemplate\":\"https:\/\/saluton.no\/?s={search_term_string}\"},\"query-input\":{\"@type\":\"PropertyValueSpecification\",\"valueRequired\":true,\"valueName\":\"search_term_string\"}}],\"inLanguage\":\"nb-NO\"},{\"@type\":\"Organization\",\"@id\":\"https:\/\/saluton.no\/#organization\",\"name\":\"Saluton.no\",\"url\":\"https:\/\/saluton.no\/\",\"logo\":{\"@type\":\"ImageObject\",\"inLanguage\":\"nb-NO\",\"@id\":\"https:\/\/saluton.no\/#\/schema\/logo\/image\/\",\"url\":\"https:\/\/saluton.no\/wp-content\/uploads\/2013\/09\/saluton-500.png\",\"contentUrl\":\"https:\/\/saluton.no\/wp-content\/uploads\/2013\/09\/saluton-500.png\",\"width\":389,\"height\":179,\"caption\":\"Saluton.no\"},\"image\":{\"@id\":\"https:\/\/saluton.no\/#\/schema\/logo\/image\/\"},\"sameAs\":[\"https:\/\/www.facebook.com\/Saluton.no\/\",\"https:\/\/x.com\/saluton_no\",\"https:\/\/esperanto.masto.host\/@saluton\"]}]}<\/script>\n<!-- \/ Yoast SEO plugin. -->","yoast_head_json":{"title":"Pri ni - Saluton.no","robots":{"index":"index","follow":"follow","max-snippet":"max-snippet:-1","max-image-preview":"max-image-preview:large","max-video-preview":"max-video-preview:-1"},"canonical":"https:\/\/saluton.no\/index.php\/eo\/pri-ni\/","og_locale":"nb_NO","og_type":"article","og_title":"Pri ni - Saluton.no","og_description":"Saluton.no tradukas kaj eldonas Pondus en Esperanto. Saluton.no Asbj\u00f8rn \u00d8ver\u00e5s veg 14 G NO-7036 Trondheim Norvegio post @ saluton.no La sekureco de privateco gravas al&hellip;","og_url":"https:\/\/saluton.no\/index.php\/eo\/pri-ni\/","og_site_name":"Saluton.no","article_publisher":"https:\/\/www.facebook.com\/Saluton.no\/","article_modified_time":"2020-07-28T19:48:19+00:00","twitter_card":"summary_large_image","twitter_site":"@saluton_no","schema":{"@context":"https:\/\/schema.org","@graph":[{"@type":"WebPage","@id":"https:\/\/saluton.no\/index.php\/eo\/pri-ni\/","url":"https:\/\/saluton.no\/index.php\/eo\/pri-ni\/","name":"Pri ni - Saluton.no","isPartOf":{"@id":"https:\/\/saluton.no\/#website"},"datePublished":"2013-07-05T21:17:19+00:00","dateModified":"2020-07-28T19:48:19+00:00","breadcrumb":{"@id":"https:\/\/saluton.no\/index.php\/eo\/pri-ni\/#breadcrumb"},"inLanguage":"nb-NO","potentialAction":[{"@type":"ReadAction","target":["https:\/\/saluton.no\/index.php\/eo\/pri-ni\/"]}]},{"@type":"BreadcrumbList","@id":"https:\/\/saluton.no\/index.php\/eo\/pri-ni\/#breadcrumb","itemListElement":[{"@type":"ListItem","position":1,"name":"Hjem","item":"https:\/\/saluton.no\/index.php\/nb\/"},{"@type":"ListItem","position":2,"name":"Pri ni"}]},{"@type":"WebSite","@id":"https:\/\/saluton.no\/#website","url":"https:\/\/saluton.no\/","name":"Saluton.no","description":"","publisher":{"@id":"https:\/\/saluton.no\/#organization"},"potentialAction":[{"@type":"SearchAction","target":{"@type":"EntryPoint","urlTemplate":"https:\/\/saluton.no\/?s={search_term_string}"},"query-input":{"@type":"PropertyValueSpecification","valueRequired":true,"valueName":"search_term_string"}}],"inLanguage":"nb-NO"},{"@type":"Organization","@id":"https:\/\/saluton.no\/#organization","name":"Saluton.no","url":"https:\/\/saluton.no\/","logo":{"@type":"ImageObject","inLanguage":"nb-NO","@id":"https:\/\/saluton.no\/#\/schema\/logo\/image\/","url":"https:\/\/saluton.no\/wp-content\/uploads\/2013\/09\/saluton-500.png","contentUrl":"https:\/\/saluton.no\/wp-content\/uploads\/2013\/09\/saluton-500.png","width":389,"height":179,"caption":"Saluton.no"},"image":{"@id":"https:\/\/saluton.no\/#\/schema\/logo\/image\/"},"sameAs":["https:\/\/www.facebook.com\/Saluton.no\/","https:\/\/x.com\/saluton_no","https:\/\/esperanto.masto.host\/@saluton"]}]}},"lang":"eo","translations":{"eo":707,"nb":39,"en":710},"pll_sync_post":[],"_links":{"self":[{"href":"https:\/\/saluton.no\/index.php\/wp-json\/wp\/v2\/pages\/707","targetHints":{"allow":["GET"]}}],"collection":[{"href":"https:\/\/saluton.no\/index.php\/wp-json\/wp\/v2\/pages"}],"about":[{"href":"https:\/\/saluton.no\/index.php\/wp-json\/wp\/v2\/types\/page"}],"author":[{"embeddable":true,"href":"https:\/\/saluton.no\/index.php\/wp-json\/wp\/v2\/users\/1"}],"replies":[{"embeddable":true,"href":"https:\/\/saluton.no\/index.php\/wp-json\/wp\/v2\/comments?post=707"}],"version-history":[{"count":3,"href":"https:\/\/saluton.no\/index.php\/wp-json\/wp\/v2\/pages\/707\/revisions"}],"predecessor-version":[{"id":738,"href":"https:\/\/saluton.no\/index.php\/wp-json\/wp\/v2\/pages\/707\/revisions\/738"}],"wp:attachment":[{"href":"https:\/\/saluton.no\/index.php\/wp-json\/wp\/v2\/media?parent=707"}],"curies":[{"name":"wp","href":"https:\/\/api.w.org\/{rel}","templated":true}]}}