{"id":680,"date":"2013-07-05T21:16:42","date_gmt":"2013-07-05T21:16:42","guid":{"rendered":"http:\/\/ny.saluton.no\/?page_id=680"},"modified":"2023-03-14T10:24:46","modified_gmt":"2023-03-14T08:24:46","slug":"pri-esperanto","status":"publish","type":"page","link":"https:\/\/saluton.no\/index.php\/eo\/pri-esperanto\/","title":{"rendered":"Pri Esperanto"},"content":{"rendered":"<p><!--:--><!--:eo-->Esperanto estas planlingvo kiu naski\u011dis en 1887. \u011cia patro estis <a href=\"https:\/\/eo.wikipedia.org\/wiki\/L._L._Zamenhof\" target=\"_blank\" rel=\"noopener noreferrer\">Ludwik Lejzer Zamenhof<\/a>, kiu uzis la pse\u016ddonimon \u00abd-ro Esperanto\u00bb kiam li publikigis la unuan libron pri la lingvo. Esperanto iom post iom anka\u016d fari\u011dis la nomo de la lingvo.<\/p>\n<figure id=\"attachment_681\" aria-describedby=\"caption-attachment-681\" style=\"width: 150px\" class=\"wp-caption alignright\"><a href=\"https:\/\/saluton.no\/wp-content\/uploads\/2013\/07\/eo-125-logo.png\"><img decoding=\"async\" class=\" wp-image-681 \" src=\"https:\/\/saluton.no\/wp-content\/uploads\/2013\/07\/eo-125-logo.png\" alt=\"Esperanto 125\" width=\"150\"><\/a><figcaption id=\"caption-attachment-681\" class=\"wp-caption-text\">En 2012 pasis 125 jaroj<br \/>post la lan\u0109o de Esperanto.<\/figcaption><\/figure>\n<p>Hodia\u016d Esperanto estas uzata en pli ol 100 landoj, \u0109efe kiel komunikilo inter personoj kun malsamaj gepatraj lingvoj, sed lige al tio aperis anka\u016d Esperanta kulturo.<\/p>\n<p>Eksplicita ideologio en 1887 estis ke Esperanto servu komuna dua lingvo, \u0109ar estas pli juste uzi lingvon kiun neniu posedas pli ol aliulj, kaj per kiu neniu havas avanta\u011degojn \u0109ar \u011di estas ties gepatra lingvo. Tial oni konstruis la lingvon tiel, ke \u011di estu kiel eble plej facile lernebla. Hodia\u016d homoj havas multajn diversajn kialojn por lerni Esperanton, i.a. pro \u011denerala intereso pri lingvoj, a\u016d \u0109ar Esperanto estas amuza kaj nutras la societemon.<\/p>\n<p>Mallonga norveglingva enkonduko en la gramatiko de Esperanto trovi\u011das <a href=\"http:\/\/esperanto.no\/minigrammatikk\" target=\"_blank\" rel=\"noopener noreferrer\">tie<\/a>.<\/p>\n<p>Multaj esperantistoj membras en kluboj kaj societoj, kaj en Universala Esperanto-Asocio. En Norvegio la oficiala punkto de kontakto estas Norvega Esperantista Ligo.<\/p>\n<p>Legu pli pri Esperanto \u0109e <a href=\"http:\/\/www.esperanto.no\/kvaer\" target=\"_blank\" rel=\"noopener noreferrer\">www.esperanto.no<\/a> (norveglingve) a\u016d \u0109e <a href=\"http:\/\/eo.wikipedia.org\/wiki\/Esperanto\" target=\"_blank\" rel=\"noopener noreferrer\">Vikipedio<\/a>.<\/p>\n<p>Se vi \u015datus lerni Esperanton, ni rekomendas la retkursojn \u0109e <a href=\"https:\/\/duolingo.com\" target=\"_blank\" rel=\"noopener noreferrer\">Duolingo<\/a> kaj \u0109e&nbsp;<a href=\"http:\/\/no.lernu.net\" target=\"_blank\" rel=\"noopener noreferrer\">www.lernu.net<\/a>.<!--:--><!--:en--><!--:--><\/p>\n","protected":false},"excerpt":{"rendered":"<p>Esperanto estas planlingvo kiu naski\u011dis en 1887. \u011cia patro estis Ludwik Lejzer Zamenhof, kiu uzis la pse\u016ddonimon \u00abd-ro Esperanto\u00bb kiam li publikigis la unuan libron&hellip;<\/p>\n","protected":false},"author":1,"featured_media":0,"parent":0,"menu_order":2,"comment_status":"open","ping_status":"open","template":"","meta":{"footnotes":""},"class_list":["post-680","page","type-page","status-publish","hentry"],"yoast_head":"<!-- This site is optimized with the Yoast SEO plugin v27.1.1 - https:\/\/yoast.com\/product\/yoast-seo-wordpress\/ -->\n<title>Pri Esperanto - Saluton.no<\/title>\n<meta name=\"robots\" content=\"index, follow, max-snippet:-1, max-image-preview:large, max-video-preview:-1\" \/>\n<link rel=\"canonical\" href=\"https:\/\/saluton.no\/index.php\/eo\/pri-esperanto\/\" \/>\n<meta property=\"og:locale\" content=\"nb_NO\" \/>\n<meta property=\"og:type\" content=\"article\" \/>\n<meta property=\"og:title\" content=\"Pri Esperanto - Saluton.no\" \/>\n<meta property=\"og:description\" content=\"Esperanto estas planlingvo kiu naski\u011dis en 1887. \u011cia patro estis Ludwik Lejzer Zamenhof, kiu uzis la pse\u016ddonimon \u00abd-ro Esperanto\u00bb kiam li publikigis la unuan libron&hellip;\" \/>\n<meta property=\"og:url\" content=\"https:\/\/saluton.no\/index.php\/eo\/pri-esperanto\/\" \/>\n<meta property=\"og:site_name\" content=\"Saluton.no\" \/>\n<meta property=\"article:publisher\" content=\"https:\/\/www.facebook.com\/Saluton.no\/\" \/>\n<meta property=\"article:modified_time\" content=\"2023-03-14T08:24:46+00:00\" \/>\n<meta property=\"og:image\" content=\"https:\/\/saluton.no\/wp-content\/uploads\/2013\/07\/eo-125-logo.png\" \/>\n<meta name=\"twitter:card\" content=\"summary_large_image\" \/>\n<meta name=\"twitter:site\" content=\"@saluton_no\" \/>\n<meta name=\"twitter:label1\" content=\"Ansl. lesetid\" \/>\n\t<meta name=\"twitter:data1\" content=\"1 minutt\" \/>\n<script type=\"application\/ld+json\" class=\"yoast-schema-graph\">{\"@context\":\"https:\/\/schema.org\",\"@graph\":[{\"@type\":\"WebPage\",\"@id\":\"https:\/\/saluton.no\/index.php\/eo\/pri-esperanto\/\",\"url\":\"https:\/\/saluton.no\/index.php\/eo\/pri-esperanto\/\",\"name\":\"Pri Esperanto - Saluton.no\",\"isPartOf\":{\"@id\":\"https:\/\/saluton.no\/#website\"},\"primaryImageOfPage\":{\"@id\":\"https:\/\/saluton.no\/index.php\/eo\/pri-esperanto\/#primaryimage\"},\"image\":{\"@id\":\"https:\/\/saluton.no\/index.php\/eo\/pri-esperanto\/#primaryimage\"},\"thumbnailUrl\":\"https:\/\/saluton.no\/wp-content\/uploads\/2013\/07\/eo-125-logo.png\",\"datePublished\":\"2013-07-05T21:16:42+00:00\",\"dateModified\":\"2023-03-14T08:24:46+00:00\",\"breadcrumb\":{\"@id\":\"https:\/\/saluton.no\/index.php\/eo\/pri-esperanto\/#breadcrumb\"},\"inLanguage\":\"nb-NO\",\"potentialAction\":[{\"@type\":\"ReadAction\",\"target\":[\"https:\/\/saluton.no\/index.php\/eo\/pri-esperanto\/\"]}]},{\"@type\":\"ImageObject\",\"inLanguage\":\"nb-NO\",\"@id\":\"https:\/\/saluton.no\/index.php\/eo\/pri-esperanto\/#primaryimage\",\"url\":\"https:\/\/saluton.no\/wp-content\/uploads\/2013\/07\/eo-125-logo.png\",\"contentUrl\":\"https:\/\/saluton.no\/wp-content\/uploads\/2013\/07\/eo-125-logo.png\"},{\"@type\":\"BreadcrumbList\",\"@id\":\"https:\/\/saluton.no\/index.php\/eo\/pri-esperanto\/#breadcrumb\",\"itemListElement\":[{\"@type\":\"ListItem\",\"position\":1,\"name\":\"Hjem\",\"item\":\"https:\/\/saluton.no\/index.php\/nb\/\"},{\"@type\":\"ListItem\",\"position\":2,\"name\":\"Pri Esperanto\"}]},{\"@type\":\"WebSite\",\"@id\":\"https:\/\/saluton.no\/#website\",\"url\":\"https:\/\/saluton.no\/\",\"name\":\"Saluton.no\",\"description\":\"\",\"publisher\":{\"@id\":\"https:\/\/saluton.no\/#organization\"},\"potentialAction\":[{\"@type\":\"SearchAction\",\"target\":{\"@type\":\"EntryPoint\",\"urlTemplate\":\"https:\/\/saluton.no\/?s={search_term_string}\"},\"query-input\":{\"@type\":\"PropertyValueSpecification\",\"valueRequired\":true,\"valueName\":\"search_term_string\"}}],\"inLanguage\":\"nb-NO\"},{\"@type\":\"Organization\",\"@id\":\"https:\/\/saluton.no\/#organization\",\"name\":\"Saluton.no\",\"url\":\"https:\/\/saluton.no\/\",\"logo\":{\"@type\":\"ImageObject\",\"inLanguage\":\"nb-NO\",\"@id\":\"https:\/\/saluton.no\/#\/schema\/logo\/image\/\",\"url\":\"https:\/\/saluton.no\/wp-content\/uploads\/2013\/09\/saluton-500.png\",\"contentUrl\":\"https:\/\/saluton.no\/wp-content\/uploads\/2013\/09\/saluton-500.png\",\"width\":389,\"height\":179,\"caption\":\"Saluton.no\"},\"image\":{\"@id\":\"https:\/\/saluton.no\/#\/schema\/logo\/image\/\"},\"sameAs\":[\"https:\/\/www.facebook.com\/Saluton.no\/\",\"https:\/\/x.com\/saluton_no\",\"https:\/\/esperanto.masto.host\/@saluton\"]}]}<\/script>\n<!-- \/ Yoast SEO plugin. -->","yoast_head_json":{"title":"Pri Esperanto - Saluton.no","robots":{"index":"index","follow":"follow","max-snippet":"max-snippet:-1","max-image-preview":"max-image-preview:large","max-video-preview":"max-video-preview:-1"},"canonical":"https:\/\/saluton.no\/index.php\/eo\/pri-esperanto\/","og_locale":"nb_NO","og_type":"article","og_title":"Pri Esperanto - Saluton.no","og_description":"Esperanto estas planlingvo kiu naski\u011dis en 1887. \u011cia patro estis Ludwik Lejzer Zamenhof, kiu uzis la pse\u016ddonimon \u00abd-ro Esperanto\u00bb kiam li publikigis la unuan libron&hellip;","og_url":"https:\/\/saluton.no\/index.php\/eo\/pri-esperanto\/","og_site_name":"Saluton.no","article_publisher":"https:\/\/www.facebook.com\/Saluton.no\/","article_modified_time":"2023-03-14T08:24:46+00:00","og_image":[{"url":"https:\/\/saluton.no\/wp-content\/uploads\/2013\/07\/eo-125-logo.png","type":"","width":"","height":""}],"twitter_card":"summary_large_image","twitter_site":"@saluton_no","twitter_misc":{"Ansl. lesetid":"1 minutt"},"schema":{"@context":"https:\/\/schema.org","@graph":[{"@type":"WebPage","@id":"https:\/\/saluton.no\/index.php\/eo\/pri-esperanto\/","url":"https:\/\/saluton.no\/index.php\/eo\/pri-esperanto\/","name":"Pri Esperanto - Saluton.no","isPartOf":{"@id":"https:\/\/saluton.no\/#website"},"primaryImageOfPage":{"@id":"https:\/\/saluton.no\/index.php\/eo\/pri-esperanto\/#primaryimage"},"image":{"@id":"https:\/\/saluton.no\/index.php\/eo\/pri-esperanto\/#primaryimage"},"thumbnailUrl":"https:\/\/saluton.no\/wp-content\/uploads\/2013\/07\/eo-125-logo.png","datePublished":"2013-07-05T21:16:42+00:00","dateModified":"2023-03-14T08:24:46+00:00","breadcrumb":{"@id":"https:\/\/saluton.no\/index.php\/eo\/pri-esperanto\/#breadcrumb"},"inLanguage":"nb-NO","potentialAction":[{"@type":"ReadAction","target":["https:\/\/saluton.no\/index.php\/eo\/pri-esperanto\/"]}]},{"@type":"ImageObject","inLanguage":"nb-NO","@id":"https:\/\/saluton.no\/index.php\/eo\/pri-esperanto\/#primaryimage","url":"https:\/\/saluton.no\/wp-content\/uploads\/2013\/07\/eo-125-logo.png","contentUrl":"https:\/\/saluton.no\/wp-content\/uploads\/2013\/07\/eo-125-logo.png"},{"@type":"BreadcrumbList","@id":"https:\/\/saluton.no\/index.php\/eo\/pri-esperanto\/#breadcrumb","itemListElement":[{"@type":"ListItem","position":1,"name":"Hjem","item":"https:\/\/saluton.no\/index.php\/nb\/"},{"@type":"ListItem","position":2,"name":"Pri Esperanto"}]},{"@type":"WebSite","@id":"https:\/\/saluton.no\/#website","url":"https:\/\/saluton.no\/","name":"Saluton.no","description":"","publisher":{"@id":"https:\/\/saluton.no\/#organization"},"potentialAction":[{"@type":"SearchAction","target":{"@type":"EntryPoint","urlTemplate":"https:\/\/saluton.no\/?s={search_term_string}"},"query-input":{"@type":"PropertyValueSpecification","valueRequired":true,"valueName":"search_term_string"}}],"inLanguage":"nb-NO"},{"@type":"Organization","@id":"https:\/\/saluton.no\/#organization","name":"Saluton.no","url":"https:\/\/saluton.no\/","logo":{"@type":"ImageObject","inLanguage":"nb-NO","@id":"https:\/\/saluton.no\/#\/schema\/logo\/image\/","url":"https:\/\/saluton.no\/wp-content\/uploads\/2013\/09\/saluton-500.png","contentUrl":"https:\/\/saluton.no\/wp-content\/uploads\/2013\/09\/saluton-500.png","width":389,"height":179,"caption":"Saluton.no"},"image":{"@id":"https:\/\/saluton.no\/#\/schema\/logo\/image\/"},"sameAs":["https:\/\/www.facebook.com\/Saluton.no\/","https:\/\/x.com\/saluton_no","https:\/\/esperanto.masto.host\/@saluton"]}]}},"lang":"eo","translations":{"eo":680,"nb":38,"en":683},"pll_sync_post":[],"_links":{"self":[{"href":"https:\/\/saluton.no\/index.php\/wp-json\/wp\/v2\/pages\/680","targetHints":{"allow":["GET"]}}],"collection":[{"href":"https:\/\/saluton.no\/index.php\/wp-json\/wp\/v2\/pages"}],"about":[{"href":"https:\/\/saluton.no\/index.php\/wp-json\/wp\/v2\/types\/page"}],"author":[{"embeddable":true,"href":"https:\/\/saluton.no\/index.php\/wp-json\/wp\/v2\/users\/1"}],"replies":[{"embeddable":true,"href":"https:\/\/saluton.no\/index.php\/wp-json\/wp\/v2\/comments?post=680"}],"version-history":[{"count":4,"href":"https:\/\/saluton.no\/index.php\/wp-json\/wp\/v2\/pages\/680\/revisions"}],"predecessor-version":[{"id":1056,"href":"https:\/\/saluton.no\/index.php\/wp-json\/wp\/v2\/pages\/680\/revisions\/1056"}],"wp:attachment":[{"href":"https:\/\/saluton.no\/index.php\/wp-json\/wp\/v2\/media?parent=680"}],"curies":[{"name":"wp","href":"https:\/\/api.w.org\/{rel}","templated":true}]}}

<p><!--:--><!--:eo-->Esperanto estas planlingvo kiu naskiĝis en 1887. Ĝia patro estis <a href="https://eo.wikipedia.org/wiki/L._L._Zamenhof" target="_blank" rel="noopener noreferrer">Ludwik Lejzer Zamenhof</a>, kiu uzis la pseŭdonimon «d-ro Esperanto» kiam li publikigis la unuan libron pri la lingvo. Esperanto iom post iom ankaŭ fariĝis la nomo de la lingvo.</p>
<figure id="attachment_681" aria-describedby="caption-attachment-681" style="width: 150px" class="wp-caption alignright"><a href="https://saluton.no/wp-content/uploads/2013/07/eo-125-logo.png"><img decoding="async" class=" wp-image-681 " src="https://saluton.no/wp-content/uploads/2013/07/eo-125-logo.png" alt="Esperanto 125" width="150"></a><figcaption id="caption-attachment-681" class="wp-caption-text">En 2012 pasis 125 jaroj<br />post la lanĉo de Esperanto.</figcaption></figure>
<p>Hodiaŭ Esperanto estas uzata en pli ol 100 landoj, ĉefe kiel komunikilo inter personoj kun malsamaj gepatraj lingvoj, sed lige al tio aperis ankaŭ Esperanta kulturo.</p>
<p>Eksplicita ideologio en 1887 estis ke Esperanto servu komuna dua lingvo, ĉar estas pli juste uzi lingvon kiun neniu posedas pli ol aliulj, kaj per kiu neniu havas avantaĝegojn ĉar ĝi estas ties gepatra lingvo. Tial oni konstruis la lingvon tiel, ke ĝi estu kiel eble plej facile lernebla. Hodiaŭ homoj havas multajn diversajn kialojn por lerni Esperanton, i.a. pro ĝenerala intereso pri lingvoj, aŭ ĉar Esperanto estas amuza kaj nutras la societemon.</p>
<p>Mallonga norveglingva enkonduko en la gramatiko de Esperanto troviĝas <a href="http://esperanto.no/minigrammatikk" target="_blank" rel="noopener noreferrer">tie</a>.</p>
<p>Multaj esperantistoj membras en kluboj kaj societoj, kaj en Universala Esperanto-Asocio. En Norvegio la oficiala punkto de kontakto estas Norvega Esperantista Ligo.</p>
<p>Legu pli pri Esperanto ĉe <a href="http://www.esperanto.no/kvaer" target="_blank" rel="noopener noreferrer">www.esperanto.no</a> (norveglingve) aŭ ĉe <a href="http://eo.wikipedia.org/wiki/Esperanto" target="_blank" rel="noopener noreferrer">Vikipedio</a>.</p>
<p>Se vi ŝatus lerni Esperanton, ni rekomendas la retkursojn ĉe <a href="https://duolingo.com" target="_blank" rel="noopener noreferrer">Duolingo</a> kaj ĉe&nbsp;<a href="http://no.lernu.net" target="_blank" rel="noopener noreferrer">www.lernu.net</a>.<!--:--><!--:en--><!--:--></p>

<p>Esperanto estas planlingvo kiu naskiĝis en 1887. Ĝia patro estis Ludwik Lejzer Zamenhof, kiu uzis la pseŭdonimon «d-ro Esperanto» kiam li publikigis la unuan libron&hellip;</p>

<!-- This site is optimized with the Yoast SEO plugin v27.1.1 - https://yoast.com/product/yoast-seo-wordpress/ -->
<title>Pri Esperanto - Saluton.no</title>
<meta name="robots" content="index, follow, max-snippet:-1, max-image-preview:large, max-video-preview:-1" />
<link rel="canonical" href="https://saluton.no/index.php/eo/pri-esperanto/" />
<meta property="og:locale" content="nb_NO" />
<meta property="og:type" content="article" />
<meta property="og:title" content="Pri Esperanto - Saluton.no" />
<meta property="og:description" content="Esperanto estas planlingvo kiu naskiĝis en 1887. Ĝia patro estis Ludwik Lejzer Zamenhof, kiu uzis la pseŭdonimon «d-ro Esperanto» kiam li publikigis la unuan libron&hellip;" />
<meta property="og:url" content="https://saluton.no/index.php/eo/pri-esperanto/" />
<meta property="og:site_name" content="Saluton.no" />
<meta property="article:publisher" content="https://www.facebook.com/Saluton.no/" />
<meta property="article:modified_time" content="2023-03-14T08:24:46+00:00" />
<meta property="og:image" content="https://saluton.no/wp-content/uploads/2013/07/eo-125-logo.png" />
<meta name="twitter:card" content="summary_large_image" />
<meta name="twitter:site" content="@saluton_no" />
<meta name="twitter:label1" content="Ansl. lesetid" />
	<meta name="twitter:data1" content="1 minutt" />
<script type="application/ld+json" class="yoast-schema-graph">{"@context":"https://schema.org","@graph":[{"@type":"WebPage","@id":"https://saluton.no/index.php/eo/pri-esperanto/","url":"https://saluton.no/index.php/eo/pri-esperanto/","name":"Pri Esperanto - Saluton.no","isPartOf":{"@id":"https://saluton.no/#website"},"primaryImageOfPage":{"@id":"https://saluton.no/index.php/eo/pri-esperanto/#primaryimage"},"image":{"@id":"https://saluton.no/index.php/eo/pri-esperanto/#primaryimage"},"thumbnailUrl":"https://saluton.no/wp-content/uploads/2013/07/eo-125-logo.png","datePublished":"2013-07-05T21:16:42+00:00","dateModified":"2023-03-14T08:24:46+00:00","breadcrumb":{"@id":"https://saluton.no/index.php/eo/pri-esperanto/#breadcrumb"},"inLanguage":"nb-NO","potentialAction":[{"@type":"ReadAction","target":["https://saluton.no/index.php/eo/pri-esperanto/"]}]},{"@type":"ImageObject","inLanguage":"nb-NO","@id":"https://saluton.no/index.php/eo/pri-esperanto/#primaryimage","url":"https://saluton.no/wp-content/uploads/2013/07/eo-125-logo.png","contentUrl":"https://saluton.no/wp-content/uploads/2013/07/eo-125-logo.png"},{"@type":"BreadcrumbList","@id":"https://saluton.no/index.php/eo/pri-esperanto/#breadcrumb","itemListElement":[{"@type":"ListItem","position":1,"name":"Hjem","item":"https://saluton.no/index.php/nb/"},{"@type":"ListItem","position":2,"name":"Pri Esperanto"}]},{"@type":"WebSite","@id":"https://saluton.no/#website","url":"https://saluton.no/","name":"Saluton.no","description":"","publisher":{"@id":"https://saluton.no/#organization"},"potentialAction":[{"@type":"SearchAction","target":{"@type":"EntryPoint","urlTemplate":"https://saluton.no/?s={search_term_string}"},"query-input":{"@type":"PropertyValueSpecification","valueRequired":true,"valueName":"search_term_string"}}],"inLanguage":"nb-NO"},{"@type":"Organization","@id":"https://saluton.no/#organization","name":"Saluton.no","url":"https://saluton.no/","logo":{"@type":"ImageObject","inLanguage":"nb-NO","@id":"https://saluton.no/#/schema/logo/image/","url":"https://saluton.no/wp-content/uploads/2013/09/saluton-500.png","contentUrl":"https://saluton.no/wp-content/uploads/2013/09/saluton-500.png","width":389,"height":179,"caption":"Saluton.no"},"image":{"@id":"https://saluton.no/#/schema/logo/image/"},"sameAs":["https://www.facebook.com/Saluton.no/","https://x.com/saluton_no","https://esperanto.masto.host/@saluton"]}]}</script>
<!-- / Yoast SEO plugin. -->

Esperanto estas planlingvo kiu naskiĝis en 1887. Ĝia patro estis Ludwik Lejzer Zamenhof, kiu uzis la pseŭdonimon «d-ro Esperanto» kiam li publikigis la unuan libron&hellip;
