{"id":661,"date":"2020-06-24T09:53:32","date_gmt":"2020-06-24T07:53:32","guid":{"rendered":"http:\/\/ny.saluton.no\/?page_id=661"},"modified":"2020-07-29T12:09:15","modified_gmt":"2020-07-29T10:09:15","slug":"kuketoj","status":"publish","type":"page","link":"https:\/\/saluton.no\/index.php\/eo\/kuketoj\/","title":{"rendered":"Personaj informoj"},"content":{"rendered":"\n<p>Saluton.no nur kolektas la informojn necesajn por acepti kaj plenumi vian mendon.<\/p>\n\n\n\n<p><strong>Kuketoj<\/strong><br>Saluton.no uzas kuketoj. Kuketoj estas malgrandaj datumpaka\u0135oj kiuj stoki\u011das \u0109e via loka komputilo. Ili helpas memori vin kaj viajn elektojn \u0109e la pa\u011daro. Kaj anka\u016d estas necesaj por plenumi mendon.<\/p>\n\n\n\n<p>Kuketoj uzataj de saluton.no estas la jenaj:<\/p>\n\n\n\n<p><strong>woocommerce_<\/strong>&nbsp;\u2013  por trakti mendojn kaj produktojn \u0109e saluton.no.<br><strong>pll_language<\/strong>&nbsp;\u2013 Por funkciigi la multlingvecon de la pa\u011daro.<br><strong>wp*\/wordpress*<\/strong>&nbsp;\u2013&nbsp;Tenas informon pri via eventuala ensaluta stato.<\/p>\n\n\n\n<p><strong>Pri la informoj ni kolektas<\/strong><br>Kiam vi vizitas saluton.no sen a\u0109eti ion, ni kolektas nenion informon pri vi a\u016d via retumilo. Kiam vi mendas, ni bezonas kelkajn gravajn informojn:<\/p>\n\n\n\n<p><strong>Nomo kaj adreso<\/strong> \u2013 por scii kien sendi la varojn.<br><strong>Retpo\u015dtadreso<\/strong> \u2013 por sendi automatan kvitancojn kaj aliajn informon rilate al via mendo. Saluton.no ne uzos vian retposton por merkatado, kaj neniam vendos vian adreson al aliuloj.<br><strong>Telefon<\/strong>o \u2013 Se ni devas sendi paka\u0135on, kaj tiel ke eblas kontakti vin rilate al via mendo (malofta okaza\u0135o). Saluton.no ne sendos SMS. Kaj ne vendos vian informon al aliuloj.<\/p>\n\n\n\n<p><strong>PayPal<\/strong><br>Saluton.no uzas Paypal kiel pagprovizanto. Via informoj, t.e nomo, adresoj, mendoj kaj pagokvanto tial estos sendata al PayPal kaj anka\u016d stoki\u011dos tie. Vi povos elekti inter pago pere de PayPal konto a\u016d rekte per karto. Bonvolu anka\u016d legi la gvidlinioj de PayPal (<a href=\"https:\/\/www.paypal.com\/no\/webapps\/mpp\/ua\/privacy-full?locale.x=en_EN\">angle<\/a> \/ <a href=\"https:\/\/www.paypal.com\/de\/webapps\/mpp\/ua\/privacy-full?locale.x=de_DE\">germane<\/a> \/ <a href=\"https:\/\/www.paypal.com\/fr\/webapps\/mpp\/ua\/privacy-full?locale.x=fr_FR\">france<\/a> \/ <a href=\"https:\/\/www.paypal.com\/no\/webapps\/mpp\/ua\/privacy-full?locale.x=no_NO\">norvege<\/a>).<\/p>\n\n\n\n<p><strong>Stokado<\/strong><br>Personaj informoj kaj informo pri mendo stoki\u011das dum du jaroj. Tio necesas pro librotenado.<\/p>\n\n\n\n<p><strong>Uzantkonto<\/strong><br>Vi ne devas starigi konton \u0109e saluton.no por mendi, sed se vi volas la konto nuli\u011dos pos ses monatoj da senaktiveco.<\/p>\n\n\n\n<p><\/p>\n","protected":false},"excerpt":{"rendered":"<p>Saluton.no nur kolektas la informojn necesajn por acepti kaj plenumi vian mendon. KuketojSaluton.no uzas kuketoj. Kuketoj estas malgrandaj datumpaka\u0135oj kiuj stoki\u011das \u0109e via loka komputilo.&hellip;<\/p>\n","protected":false},"author":1,"featured_media":0,"parent":0,"menu_order":99,"comment_status":"closed","ping_status":"open","template":"","meta":{"footnotes":""},"class_list":["post-661","page","type-page","status-publish","hentry"],"yoast_head":"<!-- This site is optimized with the Yoast SEO plugin v27.1.1 - https:\/\/yoast.com\/product\/yoast-seo-wordpress\/ -->\n<title>Personaj informoj - Saluton.no<\/title>\n<meta name=\"robots\" content=\"index, follow, max-snippet:-1, max-image-preview:large, max-video-preview:-1\" \/>\n<link rel=\"canonical\" href=\"https:\/\/saluton.no\/index.php\/eo\/kuketoj\/\" \/>\n<meta property=\"og:locale\" content=\"nb_NO\" \/>\n<meta property=\"og:type\" content=\"article\" \/>\n<meta property=\"og:title\" content=\"Personaj informoj - Saluton.no\" \/>\n<meta property=\"og:description\" content=\"Saluton.no nur kolektas la informojn necesajn por acepti kaj plenumi vian mendon. KuketojSaluton.no uzas kuketoj. Kuketoj estas malgrandaj datumpaka\u0135oj kiuj stoki\u011das \u0109e via loka komputilo.&hellip;\" \/>\n<meta property=\"og:url\" content=\"https:\/\/saluton.no\/index.php\/eo\/kuketoj\/\" \/>\n<meta property=\"og:site_name\" content=\"Saluton.no\" \/>\n<meta property=\"article:publisher\" content=\"https:\/\/www.facebook.com\/Saluton.no\/\" \/>\n<meta property=\"article:modified_time\" content=\"2020-07-29T10:09:15+00:00\" \/>\n<meta name=\"twitter:card\" content=\"summary_large_image\" \/>\n<meta name=\"twitter:site\" content=\"@saluton_no\" \/>\n<meta name=\"twitter:label1\" content=\"Ansl. lesetid\" \/>\n\t<meta name=\"twitter:data1\" content=\"1 minutt\" \/>\n<script type=\"application\/ld+json\" class=\"yoast-schema-graph\">{\"@context\":\"https:\/\/schema.org\",\"@graph\":[{\"@type\":\"WebPage\",\"@id\":\"https:\/\/saluton.no\/index.php\/eo\/kuketoj\/\",\"url\":\"https:\/\/saluton.no\/index.php\/eo\/kuketoj\/\",\"name\":\"Personaj informoj - Saluton.no\",\"isPartOf\":{\"@id\":\"https:\/\/saluton.no\/#website\"},\"datePublished\":\"2020-06-24T07:53:32+00:00\",\"dateModified\":\"2020-07-29T10:09:15+00:00\",\"breadcrumb\":{\"@id\":\"https:\/\/saluton.no\/index.php\/eo\/kuketoj\/#breadcrumb\"},\"inLanguage\":\"nb-NO\",\"potentialAction\":[{\"@type\":\"ReadAction\",\"target\":[\"https:\/\/saluton.no\/index.php\/eo\/kuketoj\/\"]}]},{\"@type\":\"BreadcrumbList\",\"@id\":\"https:\/\/saluton.no\/index.php\/eo\/kuketoj\/#breadcrumb\",\"itemListElement\":[{\"@type\":\"ListItem\",\"position\":1,\"name\":\"Hjem\",\"item\":\"https:\/\/saluton.no\/index.php\/nb\/\"},{\"@type\":\"ListItem\",\"position\":2,\"name\":\"Personaj informoj\"}]},{\"@type\":\"WebSite\",\"@id\":\"https:\/\/saluton.no\/#website\",\"url\":\"https:\/\/saluton.no\/\",\"name\":\"Saluton.no\",\"description\":\"\",\"publisher\":{\"@id\":\"https:\/\/saluton.no\/#organization\"},\"potentialAction\":[{\"@type\":\"SearchAction\",\"target\":{\"@type\":\"EntryPoint\",\"urlTemplate\":\"https:\/\/saluton.no\/?s={search_term_string}\"},\"query-input\":{\"@type\":\"PropertyValueSpecification\",\"valueRequired\":true,\"valueName\":\"search_term_string\"}}],\"inLanguage\":\"nb-NO\"},{\"@type\":\"Organization\",\"@id\":\"https:\/\/saluton.no\/#organization\",\"name\":\"Saluton.no\",\"url\":\"https:\/\/saluton.no\/\",\"logo\":{\"@type\":\"ImageObject\",\"inLanguage\":\"nb-NO\",\"@id\":\"https:\/\/saluton.no\/#\/schema\/logo\/image\/\",\"url\":\"https:\/\/saluton.no\/wp-content\/uploads\/2013\/09\/saluton-500.png\",\"contentUrl\":\"https:\/\/saluton.no\/wp-content\/uploads\/2013\/09\/saluton-500.png\",\"width\":389,\"height\":179,\"caption\":\"Saluton.no\"},\"image\":{\"@id\":\"https:\/\/saluton.no\/#\/schema\/logo\/image\/\"},\"sameAs\":[\"https:\/\/www.facebook.com\/Saluton.no\/\",\"https:\/\/x.com\/saluton_no\",\"https:\/\/esperanto.masto.host\/@saluton\"]}]}<\/script>\n<!-- \/ Yoast SEO plugin. -->","yoast_head_json":{"title":"Personaj informoj - Saluton.no","robots":{"index":"index","follow":"follow","max-snippet":"max-snippet:-1","max-image-preview":"max-image-preview:large","max-video-preview":"max-video-preview:-1"},"canonical":"https:\/\/saluton.no\/index.php\/eo\/kuketoj\/","og_locale":"nb_NO","og_type":"article","og_title":"Personaj informoj - Saluton.no","og_description":"Saluton.no nur kolektas la informojn necesajn por acepti kaj plenumi vian mendon. KuketojSaluton.no uzas kuketoj. Kuketoj estas malgrandaj datumpaka\u0135oj kiuj stoki\u011das \u0109e via loka komputilo.&hellip;","og_url":"https:\/\/saluton.no\/index.php\/eo\/kuketoj\/","og_site_name":"Saluton.no","article_publisher":"https:\/\/www.facebook.com\/Saluton.no\/","article_modified_time":"2020-07-29T10:09:15+00:00","twitter_card":"summary_large_image","twitter_site":"@saluton_no","twitter_misc":{"Ansl. lesetid":"1 minutt"},"schema":{"@context":"https:\/\/schema.org","@graph":[{"@type":"WebPage","@id":"https:\/\/saluton.no\/index.php\/eo\/kuketoj\/","url":"https:\/\/saluton.no\/index.php\/eo\/kuketoj\/","name":"Personaj informoj - Saluton.no","isPartOf":{"@id":"https:\/\/saluton.no\/#website"},"datePublished":"2020-06-24T07:53:32+00:00","dateModified":"2020-07-29T10:09:15+00:00","breadcrumb":{"@id":"https:\/\/saluton.no\/index.php\/eo\/kuketoj\/#breadcrumb"},"inLanguage":"nb-NO","potentialAction":[{"@type":"ReadAction","target":["https:\/\/saluton.no\/index.php\/eo\/kuketoj\/"]}]},{"@type":"BreadcrumbList","@id":"https:\/\/saluton.no\/index.php\/eo\/kuketoj\/#breadcrumb","itemListElement":[{"@type":"ListItem","position":1,"name":"Hjem","item":"https:\/\/saluton.no\/index.php\/nb\/"},{"@type":"ListItem","position":2,"name":"Personaj informoj"}]},{"@type":"WebSite","@id":"https:\/\/saluton.no\/#website","url":"https:\/\/saluton.no\/","name":"Saluton.no","description":"","publisher":{"@id":"https:\/\/saluton.no\/#organization"},"potentialAction":[{"@type":"SearchAction","target":{"@type":"EntryPoint","urlTemplate":"https:\/\/saluton.no\/?s={search_term_string}"},"query-input":{"@type":"PropertyValueSpecification","valueRequired":true,"valueName":"search_term_string"}}],"inLanguage":"nb-NO"},{"@type":"Organization","@id":"https:\/\/saluton.no\/#organization","name":"Saluton.no","url":"https:\/\/saluton.no\/","logo":{"@type":"ImageObject","inLanguage":"nb-NO","@id":"https:\/\/saluton.no\/#\/schema\/logo\/image\/","url":"https:\/\/saluton.no\/wp-content\/uploads\/2013\/09\/saluton-500.png","contentUrl":"https:\/\/saluton.no\/wp-content\/uploads\/2013\/09\/saluton-500.png","width":389,"height":179,"caption":"Saluton.no"},"image":{"@id":"https:\/\/saluton.no\/#\/schema\/logo\/image\/"},"sameAs":["https:\/\/www.facebook.com\/Saluton.no\/","https:\/\/x.com\/saluton_no","https:\/\/esperanto.masto.host\/@saluton"]}]}},"lang":"eo","translations":{"eo":661,"en":570,"nb":218},"pll_sync_post":[],"_links":{"self":[{"href":"https:\/\/saluton.no\/index.php\/wp-json\/wp\/v2\/pages\/661","targetHints":{"allow":["GET"]}}],"collection":[{"href":"https:\/\/saluton.no\/index.php\/wp-json\/wp\/v2\/pages"}],"about":[{"href":"https:\/\/saluton.no\/index.php\/wp-json\/wp\/v2\/types\/page"}],"author":[{"embeddable":true,"href":"https:\/\/saluton.no\/index.php\/wp-json\/wp\/v2\/users\/1"}],"replies":[{"embeddable":true,"href":"https:\/\/saluton.no\/index.php\/wp-json\/wp\/v2\/comments?post=661"}],"version-history":[{"count":7,"href":"https:\/\/saluton.no\/index.php\/wp-json\/wp\/v2\/pages\/661\/revisions"}],"predecessor-version":[{"id":933,"href":"https:\/\/saluton.no\/index.php\/wp-json\/wp\/v2\/pages\/661\/revisions\/933"}],"wp:attachment":[{"href":"https:\/\/saluton.no\/index.php\/wp-json\/wp\/v2\/media?parent=661"}],"curies":[{"name":"wp","href":"https:\/\/api.w.org\/{rel}","templated":true}]}}