{"id":264,"date":"2013-09-21T15:24:29","date_gmt":"2013-09-21T13:24:29","guid":{"rendered":"http:\/\/saluton.no\/?page_id=264"},"modified":"2024-06-09T22:20:43","modified_gmt":"2024-06-09T20:20:43","slug":"salgs-og-leveringsbetingelser","status":"publish","type":"page","link":"https:\/\/saluton.no\/index.php\/nb\/salgs-og-leveringsbetingelser\/","title":{"rendered":"Salgs- og leveringsbetingelser"},"content":{"rendered":"<p><!--:no--><\/p>\n<h4>Innledning<\/h4>\n<p>For \u00e5 handle p\u00e5 saluton.no m\u00e5 du ha fylt 18 \u00e5r. Kj\u00f8pet er regulert av standard salgs- og leveringsbetingelser for forbrukerkj\u00f8p av varer over Internett. Med forbrukerkj\u00f8p menes her salg av vare til forbruker som ikke hovedsakelig handler som ledd i n\u00e6ringsvirksomhet, og n\u00e5r selgeren opptrer i n\u00e6ringsvirksomhet med salg av varer over internett. Betingelsene er utarbeidet i henhold til veiledning fra Forbrukerombudet.<br \/>\nForbrukerkj\u00f8p over Internett reguleres hovedsakelig av avtaleloven, forbrukerkj\u00f8psloven, markedsf\u00f8ringsloven, angrerettsloven og ehandelsloven, og disse lovene gir forbruker ufravikelige rettigheter. Disse vilk\u00e5rene skal ikke forst\u00e5s som noen begrensning i de lovbestemte rettighetene, men oppstiller partenes viktigste rettigheter og plikter for handelen. I tilfeller hvor kontrakten ikke direkte gir l\u00f8sningen p\u00e5 en problemstilling, vises det til de overst\u00e5ende lover.<\/p>\n<p><a href=\"#1\">1. Avtalen<\/a><br \/>\n<a href=\"#2\">2. Partene<\/a><br \/>\n<a href=\"#3\">3. Priser<\/a><br \/>\n<a href=\"#4\">4. Avtaleinng\u00e5else<\/a><br \/>\n<a href=\"#5\">5. Ordrebekreftelse<\/a><br \/>\n<a href=\"#6\">6. Levering m.v.<\/a><br \/>\n<a href=\"#7\">7. Angrerett<\/a><br \/>\n<a href=\"#8\">8. Reklamasjon<\/a><br \/>\n<a href=\"#9\">9. Kj\u00f8perens rettigheter ved forsinkelse<\/a><br \/>\n<a href=\"#10\">10. Personopplysninger<\/a><\/p>\n<h4 id=\"1\">1. Avtalen<\/h4>\n<p>Avtalen mellom kj\u00f8per og selger best\u00e5r av opplysningene selgeren gir om kj\u00f8pet i bestillingsl\u00f8sningen i nettbutikken (herunder blant annet opplysninger om varens art, mengde, kvalitet, andre egenskaper, pris og leveringsbetingelser), eventuell direkte korrespondanse mellom partene (for eksempel e-post) samt disse salgsbetingelsene. Kj\u00f8per m\u00e5 v\u00e6re over 18 \u00e5r for \u00e5 kunne bestille.<\/p>\n<p>Ved motstrid mellom opplysningene selgeren har gitt om kj\u00f8pet i bestillingsl\u00f8sningen i nettbutikken, direkte korrespondanse mellom partene og vilk\u00e5rene i salgsbetingelsene, g\u00e5r direkte korrespondanse mellom partene og opplysningene gitt i bestillingsl\u00f8sningen foran salgsbetingelsene, s\u00e5 fremt det ikke strider mot bindende lovgivning.<\/p>\n<h4 id=\"2\">2. Partene<\/h4>\n<p>Selger (heretter \u00abvi\u00bb eller \u00aboss\u00bb) er:<br \/>\nSaluton.no<br \/>\nAsbj\u00f8rn \u00d8ver\u00e5s veg 14 G, NO-7036 Trondheim<br \/>\nTlf: 917 07 764<br \/>\nE-post: post@saluton.no<br \/>\nOrganisasjonsnummer: NO 912 054 063<\/p>\n<p>Kj\u00f8per (heretter \u00abdu\u00bb)) er den person som foretar bestillingen.<\/p>\n<h4 id=\"3\">3. Priser<\/h4>\n<p>Prisene, som er oppgitt i nettbutikken, og inkluderer ikke medverdiavgift siden b\u00f8ker er unntatt avgift. Dersom du \u00f8nsker varen levert til adresse utenfor Norge, p\u00e5ligger det deg \u00e5 ha oversikt over eventuelle avgifter som p\u00e5l\u00f8per ved innf\u00f8rsel av b\u00f8ker til sitt land.<br \/>\nOpplysninger om de totale kostnadene du skal betale, samt spesifisering av de enkelte elementene i totalprisen, gis i bestillingsl\u00f8sningen f\u00f8r bestilling er foretatt.<\/p>\n<h4 id=\"4\">4. Avtaleinng\u00e5else<\/h4>\n<p>Avtalen er bindende for begge parter n\u00e5r din bestilling er mottatt av oss og bekreftet av PayPal.<br \/>\nEn part er likevel ikke bundet av avtalen hvis det har forekommet \u00e5penbare feil i bestillingsl\u00f8sningen, i nettbutikken eller i kj\u00f8perens bestilling, og den annen part inns\u00e5 eller burde ha innsett at det forel\u00e5 en slik feil. Saluton.no tar forbehold om skrivefeil og eventuelle f\u00f8lgefeil ved tredjeparts programvare som beregner frakt.<\/p>\n<h4 id=\"5\">5. Ordrebekreftelse<\/h4>\n<p>N\u00e5r vi har mottatt din bestilling, vil straks bekrefte ordren ved \u00e5 sende deg en ordrebekreftelse.<br \/>\nDet anbefales at du kontrollerer at ordrebekreftelsen stemmer overens med bestillingen med hensyn til antall, varetype, pris osv. Er det ikke samsvar mellom bestillingen og ordrebekreftelsen, b\u00f8r du ta kontakt med oss s\u00e5 snart som mulig.<\/p>\n<h4 id=\"6\">6. Levering m.v.<\/h4>\n<p>Levering av varen skjer p\u00e5 den m\u00e5te og til det sted som er angitt i bestillingsl\u00f8sningen i nettbutikken. Saluton.no vil behandle og sende den bestilte varen i l\u00f8pet av 2 virkedager (p\u00e5 grunn av ferieavvikling kan leveringstid avvike noe fra dette i juli m\u00e5ned). N\u00e5r ordren er ferdig behandlet og sendt, vil vi sende en ny bekreftelse p\u00e5 e-post. Avhengig av postgangen vil du normalt motta varene fra oss i l\u00f8pet av 3\u20135 virkedager. Utenfor Norge kan leveringstid overstige dette alt etter mottakerland.<\/p>\n<h4 id=\"7\">7. Angrerett<\/h4>\n<p>Kj\u00f8peren kan angre kj\u00f8pet av varen etter angrerettslovens bestemmelser Angrerett inneb\u00e6rer at kj\u00f8peren uten grunn kan returnere varen til selgeren selv om det ikke er noen mangel ved den og selv om den ikke er levert. Du m\u00e5 gi oss melding om bruk av angreretten innen 14 dager etter at varen, de foreskrevne opplysninger om angreretten og angrerettsskjema er mottatt. Mottar du angreskjema og de n\u00f8dvendige opplysningene p\u00e5 et senere tidspunkt enn ved levering av varen, begynner angrefristen \u00e5 l\u00f8pe fra den dagen du mottar angrerettsskjema og opplysningene. Dersom det mot formodning ikke medf\u00f8lger tilstrekkelig informasjon eller angrerettsskjema med forsendelsen, vil angrefristen likevel g\u00e5 ut 3 m\u00e5neder etter at varen er mottatt.<\/p>\n<h4 id=\"8\">8. Reklamasjon<\/h4>\n<p>Dersom det foreligger en mangel ved varen, m\u00e5 du innen rimelig tid etter at du oppdaget den, og senest innen 2 \u00e5r, gi oss melding om at du vil p\u00e5berope deg mangelen. Meldingen b\u00f8r v\u00e6re skriftlig (e-post eller brev).<\/p>\n<h4 id=\"9\">9. Kj\u00f8perens rettigheter ved forsinkelse<\/h4>\n<p>Dersom vi ikke leverer varen, og dette ikke skyldes deg eller forhold p\u00e5 din side, kan du i henhold til reglene i forbrukerkj\u00f8pslovens kapittel 5 etter omstendighetene holde kj\u00f8pesummen tilbake, kreve oppfyllelse, heve avtalen og kreve erstatning fra oss.<\/p>\n<h4 id=\"10\">10. Personopplysninger<\/h4>\n<p>Saluton.no innhenter kun personopplysninger som er n\u00f8dvendig for at vi skal kunne gjennomf\u00f8re ordretransaksjonen og levere de bestilte varene. Saluton.no vil ikke benytte personopplysninger til andre form\u00e5l.<!--:--><\/p>\n<p>Publisert 21.9.2013<em>.<br \/>\nOppdatert 27.5.2025 med informasjon om reklamasjonsfrist.<\/em><\/p>\n","protected":false},"excerpt":{"rendered":"<p>Innledning For \u00e5 handle p\u00e5 saluton.no m\u00e5 du ha fylt 18 \u00e5r. Kj\u00f8pet er regulert av standard salgs- og leveringsbetingelser for forbrukerkj\u00f8p av varer over&hellip;<\/p>\n","protected":false},"author":1,"featured_media":0,"parent":0,"menu_order":0,"comment_status":"closed","ping_status":"closed","template":"","meta":{"footnotes":""},"class_list":["post-264","page","type-page","status-publish","hentry"],"yoast_head":"<!-- This site is optimized with the Yoast SEO plugin v27.1.1 - https:\/\/yoast.com\/product\/yoast-seo-wordpress\/ -->\n<title>Salgs- og leveringsbetingelser - Saluton.no<\/title>\n<meta name=\"robots\" content=\"index, follow, max-snippet:-1, max-image-preview:large, max-video-preview:-1\" \/>\n<link rel=\"canonical\" href=\"https:\/\/saluton.no\/index.php\/nb\/salgs-og-leveringsbetingelser\/\" \/>\n<meta property=\"og:locale\" content=\"nb_NO\" \/>\n<meta property=\"og:type\" content=\"article\" \/>\n<meta property=\"og:title\" content=\"Salgs- og leveringsbetingelser - Saluton.no\" \/>\n<meta property=\"og:description\" content=\"Innledning For \u00e5 handle p\u00e5 saluton.no m\u00e5 du ha fylt 18 \u00e5r. Kj\u00f8pet er regulert av standard salgs- og leveringsbetingelser for forbrukerkj\u00f8p av varer over&hellip;\" \/>\n<meta property=\"og:url\" content=\"https:\/\/saluton.no\/index.php\/nb\/salgs-og-leveringsbetingelser\/\" \/>\n<meta property=\"og:site_name\" content=\"Saluton.no\" \/>\n<meta property=\"article:publisher\" content=\"https:\/\/www.facebook.com\/Saluton.no\/\" \/>\n<meta property=\"article:modified_time\" content=\"2024-06-09T20:20:43+00:00\" \/>\n<meta name=\"twitter:card\" content=\"summary_large_image\" \/>\n<meta name=\"twitter:site\" content=\"@saluton_no\" \/>\n<meta name=\"twitter:label1\" content=\"Ansl. lesetid\" \/>\n\t<meta name=\"twitter:data1\" content=\"4 minutter\" \/>\n<script type=\"application\/ld+json\" class=\"yoast-schema-graph\">{\"@context\":\"https:\/\/schema.org\",\"@graph\":[{\"@type\":\"WebPage\",\"@id\":\"https:\/\/saluton.no\/index.php\/nb\/salgs-og-leveringsbetingelser\/\",\"url\":\"https:\/\/saluton.no\/index.php\/nb\/salgs-og-leveringsbetingelser\/\",\"name\":\"Salgs- og leveringsbetingelser - Saluton.no\",\"isPartOf\":{\"@id\":\"https:\/\/saluton.no\/#website\"},\"datePublished\":\"2013-09-21T13:24:29+00:00\",\"dateModified\":\"2024-06-09T20:20:43+00:00\",\"breadcrumb\":{\"@id\":\"https:\/\/saluton.no\/index.php\/nb\/salgs-og-leveringsbetingelser\/#breadcrumb\"},\"inLanguage\":\"nb-NO\",\"potentialAction\":[{\"@type\":\"ReadAction\",\"target\":[\"https:\/\/saluton.no\/index.php\/nb\/salgs-og-leveringsbetingelser\/\"]}]},{\"@type\":\"BreadcrumbList\",\"@id\":\"https:\/\/saluton.no\/index.php\/nb\/salgs-og-leveringsbetingelser\/#breadcrumb\",\"itemListElement\":[{\"@type\":\"ListItem\",\"position\":1,\"name\":\"Hjem\",\"item\":\"https:\/\/saluton.no\/index.php\/nb\/\"},{\"@type\":\"ListItem\",\"position\":2,\"name\":\"Salgs- og leveringsbetingelser\"}]},{\"@type\":\"WebSite\",\"@id\":\"https:\/\/saluton.no\/#website\",\"url\":\"https:\/\/saluton.no\/\",\"name\":\"Saluton.no\",\"description\":\"\",\"publisher\":{\"@id\":\"https:\/\/saluton.no\/#organization\"},\"potentialAction\":[{\"@type\":\"SearchAction\",\"target\":{\"@type\":\"EntryPoint\",\"urlTemplate\":\"https:\/\/saluton.no\/?s={search_term_string}\"},\"query-input\":{\"@type\":\"PropertyValueSpecification\",\"valueRequired\":true,\"valueName\":\"search_term_string\"}}],\"inLanguage\":\"nb-NO\"},{\"@type\":\"Organization\",\"@id\":\"https:\/\/saluton.no\/#organization\",\"name\":\"Saluton.no\",\"url\":\"https:\/\/saluton.no\/\",\"logo\":{\"@type\":\"ImageObject\",\"inLanguage\":\"nb-NO\",\"@id\":\"https:\/\/saluton.no\/#\/schema\/logo\/image\/\",\"url\":\"https:\/\/saluton.no\/wp-content\/uploads\/2013\/09\/saluton-500.png\",\"contentUrl\":\"https:\/\/saluton.no\/wp-content\/uploads\/2013\/09\/saluton-500.png\",\"width\":389,\"height\":179,\"caption\":\"Saluton.no\"},\"image\":{\"@id\":\"https:\/\/saluton.no\/#\/schema\/logo\/image\/\"},\"sameAs\":[\"https:\/\/www.facebook.com\/Saluton.no\/\",\"https:\/\/x.com\/saluton_no\",\"https:\/\/esperanto.masto.host\/@saluton\"]}]}<\/script>\n<!-- \/ Yoast SEO plugin. -->","yoast_head_json":{"title":"Salgs- og leveringsbetingelser - Saluton.no","robots":{"index":"index","follow":"follow","max-snippet":"max-snippet:-1","max-image-preview":"max-image-preview:large","max-video-preview":"max-video-preview:-1"},"canonical":"https:\/\/saluton.no\/index.php\/nb\/salgs-og-leveringsbetingelser\/","og_locale":"nb_NO","og_type":"article","og_title":"Salgs- og leveringsbetingelser - Saluton.no","og_description":"Innledning For \u00e5 handle p\u00e5 saluton.no m\u00e5 du ha fylt 18 \u00e5r. Kj\u00f8pet er regulert av standard salgs- og leveringsbetingelser for forbrukerkj\u00f8p av varer over&hellip;","og_url":"https:\/\/saluton.no\/index.php\/nb\/salgs-og-leveringsbetingelser\/","og_site_name":"Saluton.no","article_publisher":"https:\/\/www.facebook.com\/Saluton.no\/","article_modified_time":"2024-06-09T20:20:43+00:00","twitter_card":"summary_large_image","twitter_site":"@saluton_no","twitter_misc":{"Ansl. lesetid":"4 minutter"},"schema":{"@context":"https:\/\/schema.org","@graph":[{"@type":"WebPage","@id":"https:\/\/saluton.no\/index.php\/nb\/salgs-og-leveringsbetingelser\/","url":"https:\/\/saluton.no\/index.php\/nb\/salgs-og-leveringsbetingelser\/","name":"Salgs- og leveringsbetingelser - Saluton.no","isPartOf":{"@id":"https:\/\/saluton.no\/#website"},"datePublished":"2013-09-21T13:24:29+00:00","dateModified":"2024-06-09T20:20:43+00:00","breadcrumb":{"@id":"https:\/\/saluton.no\/index.php\/nb\/salgs-og-leveringsbetingelser\/#breadcrumb"},"inLanguage":"nb-NO","potentialAction":[{"@type":"ReadAction","target":["https:\/\/saluton.no\/index.php\/nb\/salgs-og-leveringsbetingelser\/"]}]},{"@type":"BreadcrumbList","@id":"https:\/\/saluton.no\/index.php\/nb\/salgs-og-leveringsbetingelser\/#breadcrumb","itemListElement":[{"@type":"ListItem","position":1,"name":"Hjem","item":"https:\/\/saluton.no\/index.php\/nb\/"},{"@type":"ListItem","position":2,"name":"Salgs- og leveringsbetingelser"}]},{"@type":"WebSite","@id":"https:\/\/saluton.no\/#website","url":"https:\/\/saluton.no\/","name":"Saluton.no","description":"","publisher":{"@id":"https:\/\/saluton.no\/#organization"},"potentialAction":[{"@type":"SearchAction","target":{"@type":"EntryPoint","urlTemplate":"https:\/\/saluton.no\/?s={search_term_string}"},"query-input":{"@type":"PropertyValueSpecification","valueRequired":true,"valueName":"search_term_string"}}],"inLanguage":"nb-NO"},{"@type":"Organization","@id":"https:\/\/saluton.no\/#organization","name":"Saluton.no","url":"https:\/\/saluton.no\/","logo":{"@type":"ImageObject","inLanguage":"nb-NO","@id":"https:\/\/saluton.no\/#\/schema\/logo\/image\/","url":"https:\/\/saluton.no\/wp-content\/uploads\/2013\/09\/saluton-500.png","contentUrl":"https:\/\/saluton.no\/wp-content\/uploads\/2013\/09\/saluton-500.png","width":389,"height":179,"caption":"Saluton.no"},"image":{"@id":"https:\/\/saluton.no\/#\/schema\/logo\/image\/"},"sameAs":["https:\/\/www.facebook.com\/Saluton.no\/","https:\/\/x.com\/saluton_no","https:\/\/esperanto.masto.host\/@saluton"]}]}},"lang":"nb","translations":{"nb":264,"eo":642,"en":645},"pll_sync_post":[],"_links":{"self":[{"href":"https:\/\/saluton.no\/index.php\/wp-json\/wp\/v2\/pages\/264","targetHints":{"allow":["GET"]}}],"collection":[{"href":"https:\/\/saluton.no\/index.php\/wp-json\/wp\/v2\/pages"}],"about":[{"href":"https:\/\/saluton.no\/index.php\/wp-json\/wp\/v2\/types\/page"}],"author":[{"embeddable":true,"href":"https:\/\/saluton.no\/index.php\/wp-json\/wp\/v2\/users\/1"}],"replies":[{"embeddable":true,"href":"https:\/\/saluton.no\/index.php\/wp-json\/wp\/v2\/comments?post=264"}],"version-history":[{"count":4,"href":"https:\/\/saluton.no\/index.php\/wp-json\/wp\/v2\/pages\/264\/revisions"}],"predecessor-version":[{"id":1116,"href":"https:\/\/saluton.no\/index.php\/wp-json\/wp\/v2\/pages\/264\/revisions\/1116"}],"wp:attachment":[{"href":"https:\/\/saluton.no\/index.php\/wp-json\/wp\/v2\/media?parent=264"}],"curies":[{"name":"wp","href":"https:\/\/api.w.org\/{rel}","templated":true}]}}