{"id":12,"date":"2013-06-11T21:26:45","date_gmt":"2013-06-11T21:26:45","guid":{"rendered":"http:\/\/saluton.no\/?page_id=2"},"modified":"2025-12-18T14:39:06","modified_gmt":"2025-12-18T12:39:06","slug":"sample-page-2","status":"publish","type":"page","link":"https:\/\/saluton.no\/index.php\/nb\/","title":{"rendered":"Forside"},"content":{"rendered":"\n<h2 class=\"wp-block-heading\">N\u00e5 p\u00e5 esperanto!<\/h2>\n\n\n\n<a href=\"https:\/\/saluton.no\/index.php\/nb\/produkt\/pondus-maltrafoj\/\"><img decoding=\"async\" src=\"https:\/\/saluton.no\/wp-content\/uploads\/2024\/06\/2024-album-forside-no.png\" width=\"400\" alt=\"Pondus p\u00e5 esperanto. Verdens f\u00f8rste Pondus-album p\u00e5 esperanto! Bestill her\" title=\"Pondus p\u00e5 esperanto. Verdens f\u00f8rste Pondus-album p\u00e5 esperanto! Bestill her\" border=\"0\" style=\"float:right\" \/><\/a>\n<p>Verdens f\u00f8rste Pondus-album p\u00e5 esperanto!<br\/>\nG\u00e5 ikke glipp av Pondus i ny spr\u00e5kdrakt.<br\/><br\/>\n<\/p>\n\n\n\n<p><\/p>\n\n\n\n<p><\/p>\n\n\n\n<p><\/p>\n","protected":false},"excerpt":{"rendered":"<p>N\u00e5 p\u00e5 esperanto! Verdens f\u00f8rste Pondus-album p\u00e5 esperanto! G\u00e5 ikke glipp av Pondus i ny spr\u00e5kdrakt.<\/p>\n","protected":false},"author":1,"featured_media":936,"parent":0,"menu_order":0,"comment_status":"open","ping_status":"open","template":"","meta":{"footnotes":""},"class_list":["post-12","page","type-page","status-publish","has-post-thumbnail","hentry"],"yoast_head":"<!-- This site is optimized with the Yoast SEO plugin v27.1.1 - https:\/\/yoast.com\/product\/yoast-seo-wordpress\/ -->\n<title>Forside - Saluton.no<\/title>\n<meta name=\"robots\" content=\"index, follow, max-snippet:-1, max-image-preview:large, max-video-preview:-1\" \/>\n<link rel=\"canonical\" href=\"https:\/\/saluton.no\/index.php\/nb\/\" \/>\n<meta property=\"og:locale\" content=\"nb_NO\" \/>\n<meta property=\"og:type\" content=\"article\" \/>\n<meta property=\"og:title\" content=\"Forside - Saluton.no\" \/>\n<meta property=\"og:description\" content=\"N\u00e5 p\u00e5 esperanto! Verdens f\u00f8rste Pondus-album p\u00e5 esperanto! G\u00e5 ikke glipp av Pondus i ny spr\u00e5kdrakt.\" \/>\n<meta property=\"og:url\" content=\"https:\/\/saluton.no\/index.php\/nb\/\" \/>\n<meta property=\"og:site_name\" content=\"Saluton.no\" \/>\n<meta property=\"article:publisher\" content=\"https:\/\/www.facebook.com\/Saluton.no\/\" \/>\n<meta property=\"article:modified_time\" content=\"2025-12-18T12:39:06+00:00\" \/>\n<meta property=\"og:image\" content=\"https:\/\/saluton.no\/wp-content\/uploads\/2020\/07\/albumcover.png\" \/>\n\t<meta property=\"og:image:width\" content=\"550\" \/>\n\t<meta property=\"og:image:height\" content=\"550\" \/>\n\t<meta property=\"og:image:type\" content=\"image\/png\" \/>\n<meta name=\"twitter:card\" content=\"summary_large_image\" \/>\n<meta name=\"twitter:site\" content=\"@saluton_no\" \/>\n<script type=\"application\/ld+json\" class=\"yoast-schema-graph\">{\"@context\":\"https:\/\/schema.org\",\"@graph\":[{\"@type\":\"WebPage\",\"@id\":\"https:\/\/saluton.no\/index.php\/nb\/\",\"url\":\"https:\/\/saluton.no\/index.php\/nb\/\",\"name\":\"Forside - Saluton.no\",\"isPartOf\":{\"@id\":\"https:\/\/saluton.no\/#website\"},\"primaryImageOfPage\":{\"@id\":\"https:\/\/saluton.no\/index.php\/nb\/#primaryimage\"},\"image\":{\"@id\":\"https:\/\/saluton.no\/index.php\/nb\/#primaryimage\"},\"thumbnailUrl\":\"https:\/\/saluton.no\/wp-content\/uploads\/2020\/07\/albumcover.png\",\"datePublished\":\"2013-06-11T21:26:45+00:00\",\"dateModified\":\"2025-12-18T12:39:06+00:00\",\"breadcrumb\":{\"@id\":\"https:\/\/saluton.no\/index.php\/nb\/#breadcrumb\"},\"inLanguage\":\"nb-NO\",\"potentialAction\":[{\"@type\":\"ReadAction\",\"target\":[\"https:\/\/saluton.no\/index.php\/nb\/\"]}]},{\"@type\":\"ImageObject\",\"inLanguage\":\"nb-NO\",\"@id\":\"https:\/\/saluton.no\/index.php\/nb\/#primaryimage\",\"url\":\"https:\/\/saluton.no\/wp-content\/uploads\/2020\/07\/albumcover.png\",\"contentUrl\":\"https:\/\/saluton.no\/wp-content\/uploads\/2020\/07\/albumcover.png\",\"width\":550,\"height\":550,\"caption\":\"Pondus: maltrafoj (albumforside)\"},{\"@type\":\"BreadcrumbList\",\"@id\":\"https:\/\/saluton.no\/index.php\/nb\/#breadcrumb\",\"itemListElement\":[{\"@type\":\"ListItem\",\"position\":1,\"name\":\"Hjem\",\"item\":\"https:\/\/saluton.no\/index.php\/nb\/\"},{\"@type\":\"ListItem\",\"position\":2,\"name\":\"Forside\"}]},{\"@type\":\"WebSite\",\"@id\":\"https:\/\/saluton.no\/#website\",\"url\":\"https:\/\/saluton.no\/\",\"name\":\"Saluton.no\",\"description\":\"\",\"publisher\":{\"@id\":\"https:\/\/saluton.no\/#organization\"},\"potentialAction\":[{\"@type\":\"SearchAction\",\"target\":{\"@type\":\"EntryPoint\",\"urlTemplate\":\"https:\/\/saluton.no\/?s={search_term_string}\"},\"query-input\":{\"@type\":\"PropertyValueSpecification\",\"valueRequired\":true,\"valueName\":\"search_term_string\"}}],\"inLanguage\":\"nb-NO\"},{\"@type\":\"Organization\",\"@id\":\"https:\/\/saluton.no\/#organization\",\"name\":\"Saluton.no\",\"url\":\"https:\/\/saluton.no\/\",\"logo\":{\"@type\":\"ImageObject\",\"inLanguage\":\"nb-NO\",\"@id\":\"https:\/\/saluton.no\/#\/schema\/logo\/image\/\",\"url\":\"https:\/\/saluton.no\/wp-content\/uploads\/2013\/09\/saluton-500.png\",\"contentUrl\":\"https:\/\/saluton.no\/wp-content\/uploads\/2013\/09\/saluton-500.png\",\"width\":389,\"height\":179,\"caption\":\"Saluton.no\"},\"image\":{\"@id\":\"https:\/\/saluton.no\/#\/schema\/logo\/image\/\"},\"sameAs\":[\"https:\/\/www.facebook.com\/Saluton.no\/\",\"https:\/\/x.com\/saluton_no\",\"https:\/\/esperanto.masto.host\/@saluton\"]}]}<\/script>\n<!-- \/ Yoast SEO plugin. -->","yoast_head_json":{"title":"Forside - Saluton.no","robots":{"index":"index","follow":"follow","max-snippet":"max-snippet:-1","max-image-preview":"max-image-preview:large","max-video-preview":"max-video-preview:-1"},"canonical":"https:\/\/saluton.no\/index.php\/nb\/","og_locale":"nb_NO","og_type":"article","og_title":"Forside - Saluton.no","og_description":"N\u00e5 p\u00e5 esperanto! Verdens f\u00f8rste Pondus-album p\u00e5 esperanto! G\u00e5 ikke glipp av Pondus i ny spr\u00e5kdrakt.","og_url":"https:\/\/saluton.no\/index.php\/nb\/","og_site_name":"Saluton.no","article_publisher":"https:\/\/www.facebook.com\/Saluton.no\/","article_modified_time":"2025-12-18T12:39:06+00:00","og_image":[{"width":550,"height":550,"url":"https:\/\/saluton.no\/wp-content\/uploads\/2020\/07\/albumcover.png","type":"image\/png"}],"twitter_card":"summary_large_image","twitter_site":"@saluton_no","schema":{"@context":"https:\/\/schema.org","@graph":[{"@type":"WebPage","@id":"https:\/\/saluton.no\/index.php\/nb\/","url":"https:\/\/saluton.no\/index.php\/nb\/","name":"Forside - Saluton.no","isPartOf":{"@id":"https:\/\/saluton.no\/#website"},"primaryImageOfPage":{"@id":"https:\/\/saluton.no\/index.php\/nb\/#primaryimage"},"image":{"@id":"https:\/\/saluton.no\/index.php\/nb\/#primaryimage"},"thumbnailUrl":"https:\/\/saluton.no\/wp-content\/uploads\/2020\/07\/albumcover.png","datePublished":"2013-06-11T21:26:45+00:00","dateModified":"2025-12-18T12:39:06+00:00","breadcrumb":{"@id":"https:\/\/saluton.no\/index.php\/nb\/#breadcrumb"},"inLanguage":"nb-NO","potentialAction":[{"@type":"ReadAction","target":["https:\/\/saluton.no\/index.php\/nb\/"]}]},{"@type":"ImageObject","inLanguage":"nb-NO","@id":"https:\/\/saluton.no\/index.php\/nb\/#primaryimage","url":"https:\/\/saluton.no\/wp-content\/uploads\/2020\/07\/albumcover.png","contentUrl":"https:\/\/saluton.no\/wp-content\/uploads\/2020\/07\/albumcover.png","width":550,"height":550,"caption":"Pondus: maltrafoj (albumforside)"},{"@type":"BreadcrumbList","@id":"https:\/\/saluton.no\/index.php\/nb\/#breadcrumb","itemListElement":[{"@type":"ListItem","position":1,"name":"Hjem","item":"https:\/\/saluton.no\/index.php\/nb\/"},{"@type":"ListItem","position":2,"name":"Forside"}]},{"@type":"WebSite","@id":"https:\/\/saluton.no\/#website","url":"https:\/\/saluton.no\/","name":"Saluton.no","description":"","publisher":{"@id":"https:\/\/saluton.no\/#organization"},"potentialAction":[{"@type":"SearchAction","target":{"@type":"EntryPoint","urlTemplate":"https:\/\/saluton.no\/?s={search_term_string}"},"query-input":{"@type":"PropertyValueSpecification","valueRequired":true,"valueName":"search_term_string"}}],"inLanguage":"nb-NO"},{"@type":"Organization","@id":"https:\/\/saluton.no\/#organization","name":"Saluton.no","url":"https:\/\/saluton.no\/","logo":{"@type":"ImageObject","inLanguage":"nb-NO","@id":"https:\/\/saluton.no\/#\/schema\/logo\/image\/","url":"https:\/\/saluton.no\/wp-content\/uploads\/2013\/09\/saluton-500.png","contentUrl":"https:\/\/saluton.no\/wp-content\/uploads\/2013\/09\/saluton-500.png","width":389,"height":179,"caption":"Saluton.no"},"image":{"@id":"https:\/\/saluton.no\/#\/schema\/logo\/image\/"},"sameAs":["https:\/\/www.facebook.com\/Saluton.no\/","https:\/\/x.com\/saluton_no","https:\/\/esperanto.masto.host\/@saluton"]}]}},"lang":"nb","translations":{"nb":12,"eo":580,"en":585},"pll_sync_post":[],"_links":{"self":[{"href":"https:\/\/saluton.no\/index.php\/wp-json\/wp\/v2\/pages\/12","targetHints":{"allow":["GET"]}}],"collection":[{"href":"https:\/\/saluton.no\/index.php\/wp-json\/wp\/v2\/pages"}],"about":[{"href":"https:\/\/saluton.no\/index.php\/wp-json\/wp\/v2\/types\/page"}],"author":[{"embeddable":true,"href":"https:\/\/saluton.no\/index.php\/wp-json\/wp\/v2\/users\/1"}],"replies":[{"embeddable":true,"href":"https:\/\/saluton.no\/index.php\/wp-json\/wp\/v2\/comments?post=12"}],"version-history":[{"count":14,"href":"https:\/\/saluton.no\/index.php\/wp-json\/wp\/v2\/pages\/12\/revisions"}],"predecessor-version":[{"id":1204,"href":"https:\/\/saluton.no\/index.php\/wp-json\/wp\/v2\/pages\/12\/revisions\/1204"}],"wp:featuredmedia":[{"embeddable":true,"href":"https:\/\/saluton.no\/index.php\/wp-json\/wp\/v2\/media\/936"}],"wp:attachment":[{"href":"https:\/\/saluton.no\/index.php\/wp-json\/wp\/v2\/media?parent=12"}],"curies":[{"name":"wp","href":"https:\/\/api.w.org\/{rel}","templated":true}]}}